{"id":606,"date":"2023-05-15T13:42:07","date_gmt":"2023-05-15T11:42:07","guid":{"rendered":"https:\/\/gaminretro.fr\/?page_id=606"},"modified":"2023-05-15T13:47:55","modified_gmt":"2023-05-15T11:47:55","slug":"a-propos","status":"publish","type":"page","link":"https:\/\/gaminretro.fr\/index.php\/a-propos\/","title":{"rendered":"\u00c0 PROPOS"},"content":{"rendered":"\t\t<div data-elementor-type=\"wp-page\" data-elementor-id=\"606\" class=\"elementor elementor-606\">\n\t\t\t\t<div class=\"elementor-element elementor-element-8363d79 e-flex e-con-boxed e-con e-parent\" data-id=\"8363d79\" data-element_type=\"container\" data-e-type=\"container\" data-settings=\"{&quot;background_background&quot;:&quot;classic&quot;}\">\n\t\t\t\t\t<div class=\"e-con-inner\">\n\t\t\t\t<div class=\"elementor-element elementor-element-3201ca2 elementor-widget elementor-widget-heading\" data-id=\"3201ca2\" data-element_type=\"widget\" data-e-type=\"widget\" data-widget_type=\"heading.default\">\n\t\t\t\t<div class=\"elementor-widget-container\">\n\t\t\t\t\t<h2 class=\"elementor-heading-title elementor-size-default\">Bienvenue sur cette vid\u00e9oludoth\u00e8que perso !<\/h2>\t\t\t\t<\/div>\n\t\t\t\t<\/div>\n\t\t\t\t<div class=\"elementor-element elementor-element-dee331a elementor-widget elementor-widget-text-editor\" data-id=\"dee331a\" data-element_type=\"widget\" data-e-type=\"widget\" data-widget_type=\"text-editor.default\">\n\t\t\t\t<div class=\"elementor-widget-container\">\n\t\t\t\t\t\t\t\t\t<p><strong>Ce site a \u00e9t\u00e9 cr\u00e9\u00e9 afin de lister de fa\u00e7on la plus \u00e9pur\u00e9e et accessible possible une collection de jeux vid\u00e9o.<\/strong><\/p>\n<p><strong>C&rsquo;est aussi et surtout un tr\u00e8s bon pr\u00e9texte pour me familiariser avec l&rsquo;environnement de WordPress.<\/strong><\/p>\n<p><strong>Merci pour votre visite !<\/strong><\/p>\n<p>Emilien Hainaux<\/p>\t\t\t\t\t\t\t\t<\/div>\n\t\t\t\t<\/div>\n\t\t\t\t<div class=\"elementor-element elementor-element-290f756 e-grid-align-left elementor-shape-rounded elementor-grid-0 elementor-widget elementor-widget-social-icons\" data-id=\"290f756\" data-element_type=\"widget\" data-e-type=\"widget\" data-widget_type=\"social-icons.default\">\n\t\t\t\t<div class=\"elementor-widget-container\">\n\t\t\t\t\t\t\t<div class=\"elementor-social-icons-wrapper elementor-grid\">\n\t\t\t\t\t\t\t<span class=\"elementor-grid-item\">\n\t\t\t\t\t<a class=\"elementor-icon elementor-social-icon elementor-social-icon-linkedin elementor-repeater-item-0c4485c\" href=\"https:\/\/www.linkedin.com\/in\/e-hainaux\/\" target=\"_blank\">\n\t\t\t\t\t\t<span class=\"elementor-screen-only\">Linkedin<\/span>\n\t\t\t\t\t\t<i aria-hidden=\"true\" class=\"fab fa-linkedin\"><\/i>\t\t\t\t\t<\/a>\n\t\t\t\t<\/span>\n\t\t\t\t\t<\/div>\n\t\t\t\t\t\t<\/div>\n\t\t\t\t<\/div>\n\t\t\t\t\t<\/div>\n\t\t\t\t<\/div>\n\t\t\t\t<\/div>\n\t\t","protected":false},"excerpt":{"rendered":"<p>Bienvenue sur cette vid\u00e9oludoth\u00e8que perso ! Ce site a \u00e9t\u00e9 cr\u00e9\u00e9 afin de lister de fa\u00e7on la plus \u00e9pur\u00e9e et accessible possible une collection de jeux vid\u00e9o. C&rsquo;est aussi et surtout un tr\u00e8s bon pr\u00e9texte pour me familiariser avec l&rsquo;environnement de WordPress. Merci pour votre visite ! Emilien Hainaux Linkedin<\/p>\n","protected":false},"author":1,"featured_media":0,"parent":0,"menu_order":0,"comment_status":"closed","ping_status":"closed","template":"","meta":{"footnotes":""},"class_list":["post-606","page","type-page","status-publish","hentry","entry"],"_links":{"self":[{"href":"https:\/\/gaminretro.fr\/index.php\/wp-json\/wp\/v2\/pages\/606","targetHints":{"allow":["GET"]}}],"collection":[{"href":"https:\/\/gaminretro.fr\/index.php\/wp-json\/wp\/v2\/pages"}],"about":[{"href":"https:\/\/gaminretro.fr\/index.php\/wp-json\/wp\/v2\/types\/page"}],"author":[{"embeddable":true,"href":"https:\/\/gaminretro.fr\/index.php\/wp-json\/wp\/v2\/users\/1"}],"replies":[{"embeddable":true,"href":"https:\/\/gaminretro.fr\/index.php\/wp-json\/wp\/v2\/comments?post=606"}],"version-history":[{"count":10,"href":"https:\/\/gaminretro.fr\/index.php\/wp-json\/wp\/v2\/pages\/606\/revisions"}],"predecessor-version":[{"id":617,"href":"https:\/\/gaminretro.fr\/index.php\/wp-json\/wp\/v2\/pages\/606\/revisions\/617"}],"wp:attachment":[{"href":"https:\/\/gaminretro.fr\/index.php\/wp-json\/wp\/v2\/media?parent=606"}],"curies":[{"name":"wp","href":"https:\/\/api.w.org\/{rel}","templated":true}]}}